 13 + 15. Give m(p).
16
Let k(h) = 14*h**2 - 4*h + 3. Let x(j) = 30*j**2 - 9*j + 7. Let w(a) = -13*k(a) + 6*x(a). Let b = -17 - -15. Let c be (2/2 + -2)*b. Calculate w(c).
-9
Let z(r) = -6*r - 70. Let u(n) = -14*n + 562. Let m be u(41). What is z(m)?
2
Let x(a) be the third derivative of a**7/168 - a**6/120 + a**5/120 + a**4/24 + 31*a**3/6 + 67*a**2. Let s(c) be the first derivative of x(c). Calculate s(2).
31
Let p(r) = -2*r + 118*r**2 - 122*r**2 + 7*r**3 - 7*r**3 + 1 + 6*r - r**3. What is p(-3)?
-20
Let i(n) = -n**3 + n - 1. Let g(z) = -4*z**3 + 4*z**2 + 5*z - 8. Let d(o) = -g(o) + 5*i(o). Let f be d(-4). Let t(w) = -w**2 - 3*w - 4. Calculate t(f).
-22
Let c(z) = -211*z**3 - 27*z**2 + 4*z - 17. Let s(j) = 115*j**3 + 14*j**2 - 2*j + 9. Let a(i) = 6*c(i) + 11*s(i). Give a(-4).
-75
Let u(d) = -d + 2. Suppose -8 - 2 = -5*f. Suppose -3 = -s, 5*b + 0*s - 14 = 2*s. Suppose -b*z = -z - f*z. What is u(z)?
2
Let k(m) = -5*m - 11*m + 2*m**2 - 15*m - 21 - 3*m. What is k(17)?
-21
Let g(l) = -5*l**2 - 5*l + 15. Let t(i) = i + 2. Let n(u) = -u**2 + 4*u + 5. Let s(v) = -n(v) + 2*t(v). Let q(f) = g(f) + 4*s(f). What is q(-10)?
41
Let l(j) = -5*j**3 - 13*j**2 + 18*j + 29. Let d(v) = 9*v**3 + 32*v**2 - 36*v - 59. Let t(q) = -3*d(q) - 5*l(q). Calculate t(-16).
0
Suppose 5*h - 6 = 2*h. Suppose -6 = 4*k - h*k. Let v(b) = -3. Let s(r) = r + 8. Let g(z) = -s(z) - 2*v(z). Calculate g(k).
1
Let f(w) = -w**3 - 6*w**2 - 5*w + 1. Let r = 96 + -274. Let m = -182 - r. What is f(m)?
-11
Let h(w) = -12*w**3 - 2*w**2 - w. Let b(r) = -r**2 - 19*r - 65. Let o be b(-7). Let x(f) = f**2 - 19*f - 1. Let c be x(o). What is h(c)?
11
Let y(z) = -4 + 34*z**2 + 44*z**2 - 110*z**2 + 34*z**2. What is y(-3)?
14
Let w(g) = -15*g**2 + 3*g - 1. Suppose -32*q = -97 + 33. Determine w(q).
-55
Let b(y) be the second derivative of 1/6*y**3 - 99*y - 2 - 19/2*y**2. What is b(14)?
-5
Let y(o) = -3*o**2 - 3*o + 13. Let x(h) = -13*h**2 - 10*h + 52. Let l = -195 - -204. Let k(q) = l*y(q) - 2*x(q). Calculate k(-9).
-5
Let j be (-6)/5*60/18. Let o(m) = 7*m**2 + 7 - 11*m**2 + 3*m + 0 + 1 + 5*m**3. Let c(f) = 6*f**3 - 5*f**2 + 4*f + 7. Let x(z) = j*c(z) + 5*o(z). Calculate x(0).
12
Suppose 0 = -m + 3 - 4. Let o(k) be the second derivative of k**4/12 + k**2/2 - 120*k + 4. Give o(m).
2
Let u(s) = s**3 + 7*s**2 - 4*s - 20. Let w be 897/(-126) - (-6)/21 - 392/2352. Calculate u(w).
8
Let l(f) = 10*f + 4 + 10*f**2 - 21 + 10*f**2 - 31*f**2 + 12*f**2. Let k(t) = t**2 + t - 2. Let z(p) = -2*k(p) + l(p). What is z(4)?
3
Let q = 8 + -8. Let j(s) = 65*s + 24. Let v(d) = -37*d - 13. Let n(f) = 4*j(f) + 7*v(f). What is n(q)?
5
Let g(w) = -11*w**2 - 3*w - 13. Let s(r) = 106*r**2 + 28*r + 129. Let z(p) = -58*g(p) - 6*s(p). What is z(3)?
16
Let v(y) be the second derivative of y**3/2 - 87*y**2/2 - 681*y. Calculate v(25).
-12
Suppose r + 5*h + 0 - 15 = 0, 5*r + 5*h = 35. Suppose 0 = -r*y - b + 40, -5*y = 3*b + 20 - 70. Let z be (7/y)/(3/15). Let w(k) = -2*k + 7. Determine w(z).
-3
Let x(r) = 6*r - 77. Suppose -66*g + 185 = -392 - 215. Give x(g).
-5
Let y(m) = -4*m**2 + 4*m - 2. Let s be 113/4 - 21/84. Suppose 5*o - 4*o = -s. Let v = o + 30. Determine y(v).
-10
Suppose 924*m - 917*m + 42 = 0. Let q(i) = -2*i + 27. Determine q(m).
39
Suppose -5*q - 4 = -q. Let x(c) be the first derivative of 15*c**2/2 - c - 69. Determine x(q).
-16
Let r(h) = -h**2 + 6*h - 4. Let q(i) = i**3 - 7*i**2 + 12*i + 2. Let o be q(3). Suppose c - 38 = -4*c - o*z, c + 4*z - 22 = 0. What is r(c)?
-4
Let a(j) = 133*j - 36. Let i(t) = -94*t + 36. Let w(z) = -2*a(z) - 3*i(z). Give w(4).
28
Let m(l) be the second derivative of 3*l**5/2 + l**4/6 - l**2/2 + 1356*l. Give m(1).
31
Let k(w) = -2*w**2 + 3*w - 2. Suppose -2 = 20*x - 18*x. Let u be (((-6)/(-8))/x)/(21/(-56)). Calculate k(u).
-4
Suppose 8 = -4*x, 4*o = -0*o + 5*x - 2. Let h(m) = m**3 - 24*m**2 + 25*m - 26. Let w be h(23). Let b(g) = -g**3 - 16 - 8 + 3*g - 2*g**2 + w. Determine b(o).
-4
Let y = 6746 - 6750. Let l(s) = -s**2 - 9*s. Calculate l(y).
20
Let p = -16 + 267. Let a(z) = 2*z - z**3 + 262 - p - 2*z. Calculate a(0).
11
Let l(i) = i**2 - 6*i + 3. Suppose -2*b + 49*b = 94. What is l(b)?
-5
Let v(r) be the second derivative of r**5/20 + r**4/2 + r**3/2 - 5*r**2/2 + 144*r - 3. Calculate v(-5).
5
Let v(p) = -p + 7. Let b be v(-8). Let c be (-2)/b - (-256)/120. Let o(g) = 2 + 0 + 4 - 2*g + c. Calculate o(6).
-4
Let c(k) = -k**3 - 11*k**2 + 9*k - 27. Suppose -16 = 13*w - 9*w + 4*l, -5*l = w - 28. Determine c(w).
9
Let s(z) = 3*z**2 + 4*z + 3. Let m(l) be the third derivative of l**5/60 + 90*l**2. Let f(i) = 2*m(i) - s(i). Determine f(-3).
0
Let r = -66 - -53. Let g(t) = t**2 - 2*t - 7. Let k be g(0). Let w = r - k. Let m(h) = h**3 + 7*h**2 + 5*h - 4. Calculate m(w).
2
Let v(a) = a + 3. Let k(m) be the third derivative of -m**5/60 + 5*m**4/3 + 35*m**3/6 + 42*m**2. Let c be k(41). Determine v(c).
-3
Let a(p) = 7*p - 34*p**2 + 38*p**2 + 49 - 53 + 3*p - 6*p. What is a(1)?
4
Let h(o) = 2*o**2 + 30*o + 2. Suppose 3*b - 26 = -71. Let y be h(b). Let z(v) = 5*v**2 + 3*v + 7. Let c(w) = w + 1. Let t(a) = -5*c(a) + z(a). Determine t(y).
18
Let d(h) = -9*h + 242. Let m(i) = 10*i - 274. Let w(t) = 9*d(t) + 8*m(t). What is w(-24)?
10
Let n = -458 + 320. Let f = n - -150. Suppose -13*t + 17*t = -f. Let x(k) = -k. Determine x(t).
3
Let x(p) = -47*p**2 + 8*p - 4 + 48*p**2 - 8. Let m(g) = 2*g**2 + 16*g - 25. Let l(k) = 2*m(k) - 5*x(k). Let w(i) = 1. Let v(r) = l(r) - 5*w(r). Determine v(-6).
17
Let i(r) = -3*r**3 - 2*r**2 - r. Let l(y) = y**2 - 12*y - 44. Let k be l(15). Let b be k/(-2)*-4*(-1)/2. What is i(b)?
2
Suppose -1648 + 1270 = -18*x. Let k(j) = j**2 - 20*j - 47. Give k(x).
-26
Let w(x) = 3*x**2 - 24*x + 13. Let l(y) = 199*y**2 + 23*y + 3*y - 203*y**2 - 19 + 9*y. Let s(d) = 5*l(d) + 7*w(d). Give s(-7).
-4
Let k(u) = -6*u - 32. Let v = -49 - -47. Let o(w) = w + 6. Let f(h) = v*k(h) - 11*o(h). Determine f(5).
3
Let u(v) be the third derivative of -1/120*v**6 - 1/15*v**5 + 0*v**3 + 0*v + 1/6*v**4 + 115*v**2 + 0. Calculate u(-5).
5
Suppose 21*k + 25 = 583 + 198. Let h(a) = a**3 - 36*a**2 + 5*a - 192. Determine h(k).
-12
Let n(q) = 711*q - 3582. Let l be n(5). Let k(f) = f**2 + 24*f - 56. Give k(l).
25
Let r(x) = 184*x - 2 + 177*x - 535*x + 175*x. Calculate r(6).
4
Let j(v) = -158*v + 945. Let d(b) = -2*b**3 + 10*b**2 + 307*b - 1529. Let g be d(5). Give j(g).
-3
Suppose 5*b - 47 + 37 = 0. Let a(x) = 3*x + 6 + 783*x**b + 4*x**3 - 784*x**2 - 3*x**3. Let k be a(0). Let h(g) = -g**2 + 5*g - 7. Calculate h(k).
-13
Let b(q) = 8*q + 1. Let a(o) = -2*o - 766. Let v(l) = a(l) + 19*b(l). Determine v(5).
3
Let d(b) be the second derivative of -b**4/12 + 5*b**3/3 + 2*b**2 - 6510*b. Determine d(11).
-7
Let x(l) be the first derivative of 4*l**3/3 + 5*l**2/2 + 5*l + 9. Let t(m) = -3*m**2 - 4*m - 4. Let b(j) = -5*t(j) - 4*x(j). What is b(-2)?
-4
Let z(j) = -j - 15. Suppose -5*b = -4*v + 53, -3*b + 7*v - 57 = 13*v. Give z(b).
-2
Let o(w) = 3*w - 4. Let b(m) = 4*m - 5. Let v(d) = 2*b(d) - 3*o(d). Let j be 0/(((-6)/4)/((-2)/(-4))). Suppose j = 16*y - 45 - 35. Calculate v(y).
-3
Suppose 62*i + 68 = 66*i. Let r(n) = 21 - 43 - n**2 + 7*n - 2*n + i. Let y(x) = x**2 + 3*x + 2. Let h be y(-4). What is r(h)?
-11
Let h(x) = -3*x + 4. Let n(g) = g**3 - 11*g**2 - 26*g + 2. Let s = 334 + -321. Let z be n(s). Give h(z).
-2
Let a = -82 + 90. Let g(s) = a - 10 + 1 + 2*s - 3*s - 4*s**3. Suppose y - 3 = 5*l, 0*l - 8 = -2*l + 5*y. What is g(l)?
4
Let j(y) = -12*y**2 - 75*y + 8. Let c be j(-6). Suppose -8*l + c = 42. Let h(u) = -5*u**3 - 2*u - 1. Calculate h(l).
43
Let y(x) = 5*x**2 + 1 + x**3 + 0*x**3 + 2 + x. Suppose 57*m - 42 = 54*m. Suppose g = -2*p - 6, -4*g + 3*g = -2*p - m. What is y(p)?
-2
Let u(v) = v**2 - 31. Let t = 67 + -67. Suppose 9*o - w = 5*o - 1, t = 3*w - 3. What is u(o)?
-31
Let p(r) be the second derivative of r**5/20 - 7*r**4/12 + r**3/2 - 5*r**2 - 237*r + 6. Calculate p(7).
11
Let i(s) = 4 + 7*s + 138*s**3 + 8*s**2 + 2 - 137*s**3. What is i(-7)?
6
Let i(n) = 13*n - 3 - 14*n + 11*n - 20*n + 9*n. Suppose 2*p = -x, -4*x + 6 = -p + 3*p. Suppose -5*h + 3*a - 39 = 0, x*a + 8 = -2*a. Calculate i(h).
6
Let g(x) = -x**2 + 7*x - 2. Let p(a) = -1. Let v(h) = -g(h) - 4*p(h). Suppose -5*w + 720 + 230 = -5*q, 5*q = 4*w - 762. Let y = w +